= t + 125. Calculate the remainder when 207 is divided by x.
7
Let y(w) = -5*w - 15. Let c be y(5). Calculate the remainder when 23 is divided by c/28*(-28)/8.
3
Calculate the remainder when (-6)/16 - (-6 - 1575/40) is divided by 36.
9
Calculate the remainder when ((-23)/((-690)/(-20)))/((-4)/2934) is divided by 41.
38
Suppose a - 33 = -2. What is the remainder when a is divided by 2/(-4) - 70/(-4)?
14
Let n = -2468 + 2736. What is the remainder when n is divided by 54?
52
Suppose -9*l - 193 = -14*l + 2*y, -122 = -3*l - 5*y. Let q(t) = -t**3 + 9*t**2 + 2*t + 3. What is the remainder when q(7) is divided by l?
37
Suppose -5*k - 65 = -4*z + 2*z, 0 = 3*z - 2*k - 70. Let y be -2 - 35/2*-2. What is the remainder when z is divided by (8/(-12))/((-2)/y)?
9
Let h(f) = -5 - 7*f**2 + 4*f**3 + 10*f - 3 - 3*f**3 + 1. What is the remainder when h(6) is divided by 3?
2
Let z = 525 - 484. What is the remainder when 696 is divided by z?
40
Suppose 2*w + 2*q - 39 = -3*q, w - 24 = 2*q. Suppose 0 = 7*m - 29 - 6. What is the remainder when w is divided by m?
2
Let c = -23 + 32. Calculate the remainder when 70 is divided by c.
7
Calculate the remainder when 123 is divided by 5/(3/15 + 1 + -1).
23
Suppose 0 = -2*u, -5*a = -5*u + 7*u - 385. Let q be 1/(-5) + 258/15. Suppose -4*t + a = q. Calculate the remainder when t is divided by 6.
3
Suppose -47 = -21*z + 79. Calculate the remainder when 593 is divided by z.
5
Let c(z) be the second derivative of z**4/6 - 2*z**3/3 - 7*z**2 + 20*z. Calculate the remainder when 27 is divided by c(5).
11
Let w(n) = 12*n + 13. Let c be (-68)/(-8) + 3/6. Calculate the remainder when w(c) is divided by 31.
28
Suppose v = 5*p - 164, -7 + 127 = 4*p + 2*v. Calculate the remainder when 89 is divided by p.
25
Calculate the remainder when 2/(-6) + (-121)/(-12)*4 is divided by 18.
4
Suppose 11 - 746 = -7*b. Calculate the remainder when b is divided by 9.
6
Calculate the remainder when 58 is divided by ((-12)/10 - 3)*-5.
16
Suppose 296 - 681 = -7*u. What is the remainder when 107 is divided by u?
52
Suppose -3*u + q + 32 = 0, -u = q - 6 - 2. Calculate the remainder when 108 is divided by u.
8
Let v(m) = m + 57. Let c be v(19). Suppose 0 = 2*k + k - 9. Suppose 2*y - 32 = 4*p, k*y - 5*p = -y + c. Calculate the remainder when 94 is divided by y.
22
Suppose 6*k - 10 = k. Suppose -k*n + 28 = 5*l - 1, -4*l + 26 = 3*n. Suppose -f + 4 = -0*f. What is the remainder when f is divided by n?
0
Let z be (4/6)/(18/1593). Let w = -51 + z. What is the remainder when 38 is divided by w?
6
Let d(t) be the first derivative of -t**3/3 + t**2 + 4*t - 5. Let w be d(3). Calculate the remainder when 34 is divided by 9/w - (-6)/2.
10
Let p(m) = 7*m - 69. What is the remainder when 15 is divided by p(10)?
0
Let m(d) = 13*d - 8. Let w(l) = 168*l - 105. Let c(x) = -77*m(x) + 6*w(x). Let o be c(6). Calculate the remainder when 27 is divided by ((-11)/22)/((-2)/o).
6
Let d = -1844 - -2140. Calculate the remainder when d is divided by 39.
23
Suppose -4*v = -19 + 7. Suppose -4*d + 180 = -d - g, -v*g = d - 60. What is the remainder when d is divided by 22?
16
Suppose 0 = -2*i - 4*b + 24, -3*i + 0 + 6 = -4*b. Suppose 3*u - 6*r + 24 = -r, 5*r - 15 = 0. Calculate the remainder when i is divided by u/12 - (-51)/12.
2
Suppose -3*c + 21 = -3. Suppose 6*b = c*b - 6. Suppose 27 = b*w + 3. What is the remainder when 15 is divided by w?
7
Let i = 1 + 1. What is the remainder when 33 is divided by -4 - i - -3 - -13?
3
Suppose 0 = x + 4 - 7. Suppose 4 = 2*f + y, x*f + 3*y + 1 = 7. Suppose -32 = -6*u + f*u. What is the remainder when 30 is divided by u?
6
Suppose -4*h + h = 5*y + 7, 5*y = -h - 9. Suppose -6*u - h = -55. Let l = 6 - 1. What is the remainder when u is divided by l?
4
Let i(r) = -23*r**3 + 5*r + 6. What is the remainder when i(-1) is divided by (-3)/12*-4 + 15 + 1?
7
Let r be ((-3)/(-6))/(1/(-74)). Let n = r - -51. What is the remainder when 18 is divided by n?
4
Let z(d) = 3*d**2 - 21*d - 29. Calculate the remainder when z(-4) is divided by 46.
11
Suppose 98*c = 102*c - 204. What is the remainder when 151 is divided by c?
49
Let w(h) = 4*h - 21. Let o(k) = 5*k - 21. Let q(s) = 6*o(s) - 7*w(s). Suppose 2*m = 5*m - 30. What is the remainder when m is divided by q(-9)?
1
Let d = 63 + 6. What is the remainder when d is divided by 2 + -25*(-5 + 4) + -3?
21
Suppose -1677 - 270 = -11*i. What is the remainder when i is divided by 49?
30
Suppose 5*p + 142 = 41*n - 38*n, 3*p = n - 50. What is the remainder when 216 is divided by n?
40
Let l = 554 + -549. What is the remainder when 372 is divided by l?
2
Suppose 5*a - u + 1 = -44, a - 5*u = 15. Let q = a + 24. Let o(i) = -2*i**2 + 17*i - 2. What is the remainder when q is divided by o(8)?
2
Suppose -38*k + 48*k = 310. Calculate the remainder when 184 is divided by k.
29
Let t(q) = q**3 + 11*q**2 + 7*q + 16. Calculate the remainder when t(-7) is divided by 2.
1
Let z(i) = -i**3 + 9*i**2 - 15*i + 7. Let j be z(7). Suppose j = 3*w - 35 + 20. What is the remainder when 12 is divided by w?
2
Let w be 1*(-4)/4*-13. Let o = w + 1. What is the remainder when o is divided by 8?
6
Let j(v) = 33*v - 208. Let t = 10 - 6. Let g = 2 + t. Calculate the remainder when j(7) is divided by g.
5
Suppose 2*x - 164 = -2*x. What is the remainder when (7 - -9 - -7)*(8 + -1) is divided by x?
38
Let o = -47 - -76. Let i be 134 + 6/(-3)*1. Calculate the remainder when o is divided by (i/55)/((-3)/(-20)).
13
Let z(v) = 2*v**2 + 2*v + 2. Let x(m) = -2*m**2 - 2*m - 2. Let w(u) = -5*x(u) - 4*z(u). What is the remainder when 167 is divided by w(4)?
41
Let c(l) = 2*l**3 - 24*l**2 + 27. What is the remainder when c(12) is divided by 6?
3
Let m = 1302 - 776. What is the remainder when m is divided by 33?
31
Suppose 3*k + 216 = -9. Let h = -61 - k. Suppose 0 = 4*x - x - 78. What is the remainder when x is divided by h?
12
Let v = -241 + 603. What is the remainder when v is divided by 73?
70
Let o be (-3)/9*1 - (-5)/(-3). Let g(p) = 8*p**2 + p. Calculate the remainder when g(2) is divided by (20 + 7)*-1*o/6.
7
Suppose -5*q + 19 = 3*s, 4 = -4*s - q + 18. Let r(k) = 13*k - 10. Let n be r(s). Suppose 4*h - 81 + n = 0. Calculate the remainder when 50 is divided by h.
11
Let s = 22 + -20. Suppose 384 = 5*t + 2*i, -4*t + s*t + 4*i = -144. Let p = t + -43. What is the remainder when 129 is divided by p?
30
Let x(w) = 17*w**2 + 2*w + 1. Suppose 2*f + 5 = -3*f. What is the remainder when (348/(-2))/(18/(-6)) - 6/(-3) is divided by x(f)?
12
Suppose 17 = -i + 2*w + 2*w, -i - 11 = -w. What is the remainder when (-296)/(-6) + 3/i is divided by 128/10 + 24/120?
10
Suppose -11*m + 74 = -146. Calculate the remainder when 314 is divided by m.
14
Suppose -4*a = -11*a + 203. Suppose -r + 24 + a = 0. Suppose 2*k - r = -s, -k - 34 = -s + 28. What is the remainder when s is divided by 15?
14
Suppose -4 - 5 = 3*w, 3*x - 3*w + 108 = 0. Let q = x - -45. Suppose q - 33 = -3*k. Calculate the remainder when k is divided by 2.
1
Let k(x) = -x**3 - 4*x**2 + 10*x + 12. Suppose 5*i + 0*i = 465. What is the remainder when i is divided by k(-6)?
21
Let w(o) = -29*o + 8. Let p be w(3). Let s = p + 118. Let x(l) = -3*l + 5. What is the remainder when s is divided by x(-5)?
19
Suppose 344 + 1781 = 5*d. Suppose -4*o + d = o. What is the remainder when (o/(-3))/(3/(-9)) is divided by 29?
27
Let m(o) = o**2 - o. Let c be m(2). Suppose 5*d - 150 = 5*r, -c*r + 24 = d - 0*r. What is the remainder when 138 is divided by d?
26
Let h = -62 + 44. Let f = h - -23. Suppose f*s + 3 = 13. Calculate the remainder when 3 is divided by s.
1
Suppose -4*j + 335 = j - u, 0 = 2*j + 3*u - 117. What is the remainder when 656 is divided by j?
62
Let h(w) = -4*w**2 + 16*w + 39. Let u(i) = 3*i**2 - 16*i - 38. Let z(l) = -4*h(l) - 5*u(l). What is the remainder when 16 is divided by z(-14)?
4
Suppose 4*t = 5*t. Suppose -v + 6*v = t. Suppose 4*x - 2*y - 82 = v, x - 7 - 6 = -y. What is the remainder when 69 is divided by x?
15
Let c be 27 - -1 - 3 - 1. Suppose c + 44 = 4*m + 2*t, -t - 2 = 0. Calculate the remainder when 49 is divided by -1 + 0/2 + m.
15
Calculate the remainder when 849 is divided by 4/26 - 3684/(-312)*6.
68
Let s(a) be the third derivative of -a**6/120 - a**5/60 - a**4/12 + 7*a**3/3 - 7*a**2 - 4*a. What is the rema